ase 5, what is 0 + 142430?
142430
In base 4, what is -1 + 123312232?
123312231
In base 10, what is 12757 - -40?
12797
In base 8, what is 1 - 1035127?
-1035126
In base 12, what is 0 - -1a65?
1a65
In base 3, what is -20122102 + -12?
-20122121
In base 3, what is -10210020202 - 2?
-10210020211
In base 5, what is -14 + 24000?
23431
In base 12, what is -1 - -3042b?
3042a
In base 3, what is 2220 + 1000012?
1010002
In base 12, what is -5 - 72856?
-7285b
In base 15, what is b3 + 161?
224
In base 15, what is 2a1 - -124?
3c5
In base 13, what is 347 + 61?
3a8
In base 7, what is 1261034 + 4?
1261041
In base 2, what is 0 + 11011111000111011?
11011111000111011
In base 4, what is 112302 + 1?
112303
In base 2, what is -101100010 + -101?
-101100111
In base 8, what is 344103 + 1?
344104
In base 8, what is 144 - 64126?
-63762
In base 3, what is -2211022 + 222?
-2210100
In base 8, what is -16 - 230354?
-230372
In base 13, what is 8c3 - 7?
8b9
In base 12, what is -5 + 9331b?
93316
In base 6, what is 2 + 2354?
2400
In base 3, what is -2 + -1201220?
-1201222
In base 16, what is f + -e5c7?
-e5b8
In base 2, what is 101110 - -10001111010010?
10010000000000
In base 16, what is -cc3 + -15?
-cd8
In base 15, what is -280 + 10?
-270
In base 11, what is 0 - 30127?
-30127
In base 15, what is 4 - 4e9?
-4e5
In base 11, what is 7 - 2297a2?
-229796
In base 12, what is -b7 - 4828?
-4923
In base 7, what is -242336 + -3?
-242342
In base 15, what is 4dd83a + -3?
4dd837
In base 12, what is -3747 - -4?
-3743
In base 5, what is -3 + -10030?
-10033
In base 9, what is -4 + 345032?
345027
In base 3, what is 11220 - -120010200?
120022120
In base 8, what is -110 - 7207?
-7317
In base 11, what is 292 - -175?
457
In base 3, what is 1012010001 + -22?
1012002202
In base 16, what is -670 - 3?
-673
In base 16, what is -2 - 41377?
-41379
In base 7, what is -1 + -35425?
-35426
In base 9, what is 8807158 - 4?
8807154
In base 8, what is 372 - -51?
443
In base 6, what is -10244152 + -1?
-10244153
In base 11, what is 68 - -1497?
1554
In base 12, what is 61 - -71a0?
7241
In base 2, what is 1100 - -1100011010100?
1100011100000
In base 4, what is 331202 - -2?
331210
In base 14, what is -2d982 - 3?
-2d985
In base 8, what is 71511 + 0?
71511
In base 2, what is 110010111 + -101010?
101101101
In base 4, what is -133103 - -30?
-133013
In base 9, what is 1701738 + 5?
1701744
In base 2, what is 11000011010001 + -11?
11000011001110
In base 14, what is 4 + 1685?
1689
In base 2, what is -11 - -1010100100?
1010100001
In base 3, what is 20120222110 + -2?
20120222101
In base 9, what is -17431 - -58?
-17362
In base 9, what is 82 + 747?
840
In base 9, what is 5 - -130243?
130248
In base 12, what is 13866b + -2?
138669
In base 13, what is 3 - c07a?
-c077
In base 9, what is 117 + 1865?
2083
In base 5, what is -3340 - 2303?
-11143
In base 10, what is 0 - 227655?
-227655
In base 16, what is 2 + a8c00?
a8c02
In base 12, what is 0 + -4960?
-4960
In base 12, what is -524 + 122?
-402
In base 15, what is 150 - d0?
70
In base 2, what is -111000010110 - -10?
-111000010100
In base 4, what is 10 - -223313?
223323
In base 5, what is 14221214 - -3?
14221222
In base 14, what is 8 - -75bb?
75c5
In base 5, what is 0 + -4210002?
-4210002
In base 10, what is 213 + 250?
463
In base 5, what is 100 + -240?
-140
In base 13, what is -7 - 27312?
-27319
In base 6, what is 1 + 210302?
210303
In base 6, what is 12214150 - 2?
12214144
In base 16, what is -5 - 4036?
-403b
In base 13, what is 57043 - 3?
57040
In base 15, what is c - 18bc9?
-18bbc
In base 4, what is 100 - 1333013?
-1332313
In base 4, what is 1031300 - 11?
1031223
In base 5, what is -301303 + -1?
-301304
In base 15, what is -313b + -3?
-313e
In base 15, what is 157d3 + -2?
157d1
In base 16, what is -ccc4 + -2?
-ccc6
In base 13, what is 9aa289 - 5?
9aa284
In base 12, what is -9 - 63445?
-63452
In base 5, what is -140 - -3302020?
3301330
In base 10, what is 1160 + 1?
1161
In base 2, what is -10111000 + 100111011010?
100100100010
In base 2, what is -111011111 - 1011100?
-1000111011
In base 5, what is 113444 - 4313?
104131
In base 5, what is 1 + 34441021?
34441022
In base 10, what is -42 + -4480?
-4522
In base 9, what is -1584 - -2077?
383
In base 8, what is -223 + -5033?
-5256
In base 15, what is -16 + -2a1?
-2b7
In base 3, what is -200110 - -22110?
-101000
In base 15, what is 786d + -4?
7869
In base 11, what is 1915 - -12?
1927
In base 12, what is 3a0 - -29?
409
In base 11, what is -aa5 + -999?
-1993
In base 4, what is 122 - -102101?
102223
In base 4, what is -223100 + 21?
-223013
In base 14, what is -6282 + -4?
-6286
In base 2, what is 101111000000 + -1100000?
101101100000
In base 10, what is -60438 - -8?
-60430
In base 14, what is -d + -b34?
-b43
In base 15, what is 1e0 - 399d?
-37ad
In base 8, what is -404171 - -1?
-404170
In base 11, what is -a2 + 301a?
2a28
In base 5, what is 423 + 2?
430
In base 7, what is 456443 - 66?
456344
In base 14, what is -18c73 - -19?
-18c58
In base 7, what is 5663 + -61?
5602
In base 13, what is 94 + 24b?
312
In base 3, what is 210112120201 - -22?
210112121000
In base 15, what is 1a95 - 29?
1a6b
In base 12, what is a55 - 3?
a52
In base 4, what is -2111 + 131131?
123020
In base 9, what is 5501 - 0?
5501
In base 10, what is 3 - 7806?
-7803
In base 13, what is -8 - -1063?
1058
In base 3, what is 21210001222202 - -12?
21210001222221
In base 8, what is 142611 - -4?
142615
In base 13, what is 13 - 36c?
-359
In base 8, what is -66 - 2444?
-2532
In base 12, what is 193 - b5?
9a
In base 4, what is 1030033330 - -2?
1030033332
In base 16, what is -c7 - -920?
859
In base 5, what is -241 + -2020?
-2311
In base 10, what is -13386 + 5?
-13381
In base 15, what is 48c8 - -3?
48cb
In base 3, what is -1221 - -111222?
110001
In base 5, what is 42123 - -34?
42212
In base 14, what is -2 - 2414c?
-24150
In base 8, what is 1122 - -3361?
4503
In base 3, what is -1010022 - 20101020?
-21111112
In base 14, what is 15791c - -c?
15792a
In base 13, what is 2c04 - 2?
2c02
In base 7, what is 10 + -35632?
-35622
In base 11, what is -925a - -4?
-9256
In base 6, what is 54 - 1124?
-1030
In base 5, what is -432 + -214442?
-220424
In base 3, what is -1101 - 1202021202?
-1202100010
In base 14, what is c - 9a741?
-9a733
In base 10, what is -990 + 26?
-964
In base 3, what is 121121221 + -121201?
121000020
In base 16, what is 905f + -4?
905b
In base 6, what is -21534320 + -13?
-21534333
In base 11, what is 204a3 + 5?
204a8
In base 2, what is -100 + 110100110101000010110?
110100110101000010010
In base 2, what is 10001010 - -1011001110?
1101011000
In base 10, what is -175 + -1278?
-1453
In base 14, what is a9db - 7?
a9d4
In base 9, what is 15 + 2130?
2145
In base 8, what is -10 - 32012?
-32022
In base 5, what is 1433203 + -11?
1433142
In base 10, what is -128 - 1767?
-1895
In base 14, what is -3c + 315?
2b7
In base 5, what is 301 + 241002?
241303
In base 9, what is -66 - -35572?
35505
In base 8, what is -614247 + -6?
-614255
In base 6, what is 10 + -45355?
-45345
In base 15, what is 33b + 69a?
9d6
In base 15, what is 635d - -2?
6360
In base 11, what is 15 + 179?
193
In base 4, what is 10 - -1031312033?
1031312103
In base 3, what is 2122001 - -102?
2122110
In base 6, what is -22421 + -121?
-22542
In base 7, what is 50232 + 14?
50246
In base 11, what is -13720a3 + 5?
-1372099
In base 4, what is -122333 + -12?
-123011
In base 13, what is 4 - 2a97?
-2a93
In base 16, what is 137c7 - 5?
137c2
In base 3, what is 12021 - 1202?
10112
In base 10, what is 1972 - -44?
2016
In base 13, what is -4 + -120a?
-1211
In base 6, what is 322 - 2400?
-2034
In base 2, what is 1 + 1001100100100000?
1001100100100001
In base 14, what is 6490 - a?
6484
In base 14, what is -1 + 27916?
27915
In base 9, what is 22 + -5588?
-5566
In base 8, what is -62 - 2300?
-2362
In base 2, what is -100 + -10001011011100000?
-10001011011100100
In base 13, what is 11 + -292?
-281
In base 7, what is -102532 + 4?
-102525
In base 12, what is 93 - 283?
-1b0
In base 16, what is 1bb4 + 17?
1bcb
In base 11, what is -7001 + 30?
-6a81
In base 8, what is -71623 - -2?
-71621
In base 5, what is 100 - 21120?
-21020
In base 7, what is -4532 - 46?
-4611
In base 6, what is 2 + 23454314?
23454320
In base 7, what is 4 + 10500?
10504
In base 10, what is 1928 + 